05868072?
2, 131, 196439
List the prime factors of 155021132.
2, 7, 97, 57077
List the prime factors of 885963066.
2, 3, 47, 3141713
List the prime factors of 211537361.
7, 59, 10453
List the prime factors of 2736128211.
3, 912042737
What are the prime factors of 30908739?
3, 10302913
List the prime factors of 52120114.
2, 31, 257, 3271
What are the prime factors of 290814939?
3, 797, 40543
List the prime factors of 19023961.
11, 617, 2803
List the prime factors of 3479564.
2, 11, 31, 2551
List the prime factors of 979116673.
61, 16051093
What are the prime factors of 1442951720?
2, 5, 7, 103, 50033
What are the prime factors of 57802166?
2, 31, 149, 6257
List the prime factors of 338756714.
2, 29, 5840633
What are the prime factors of 460926323?
11, 13, 3223261
What are the prime factors of 48490011?
3, 83, 139, 467
List the prime factors of 844790139.
3, 7753, 12107
List the prime factors of 256332698.
2, 17, 53, 59, 2411
What are the prime factors of 4262275637?
137, 31111501
What are the prime factors of 766137642?
2, 3, 83, 1538429
What are the prime factors of 53825128?
2, 7, 17, 41, 197
List the prime factors of 312953520.
2, 3, 5, 11, 118543
List the prime factors of 985249960.
2, 5, 17, 71, 20407
List the prime factors of 296410024.
2, 269, 137737
What are the prime factors of 96897040?
2, 5, 947, 1279
List the prime factors of 101033139.
3, 293, 114941
List the prime factors of 164118723.
3, 54706241
What are the prime factors of 1431877894?
2, 2791, 256517
What are the prime factors of 1077217547?
7, 1879, 81899
List the prime factors of 1694104099.
1694104099
List the prime factors of 1046751144.
2, 3, 199, 219169
List the prime factors of 3325376440.
2, 5, 1583, 52517
What are the prime factors of 5559792469?
7, 11, 4021, 17957
List the prime factors of 3121553.
61, 73, 701
List the prime factors of 3083708038.
2, 15671, 98389
What are the prime factors of 158777212?
2, 11, 17, 37, 5737
What are the prime factors of 523578691?
83, 1171, 5387
List the prime factors of 1665809078.
2, 19, 43, 1019467
What are the prime factors of 1658600151?
3, 13, 2153, 19753
List the prime factors of 150639788.
2, 13, 17, 23, 31, 239
What are the prime factors of 188605315?
5, 269, 140227
What are the prime factors of 1330220721?
3, 443406907
List the prime factors of 1595528511.
3, 7369, 72173
What are the prime factors of 23489082?
2, 3, 251, 1733
List the prime factors of 91478722.
2, 45739361
List the prime factors of 6046126.
2, 89, 33967
What are the prime factors of 186677206?
2, 73, 1278611
What are the prime factors of 65829171?
3, 317, 69221
What are the prime factors of 4080909424?
2, 109, 839, 2789
List the prime factors of 2411398271.
31, 139, 617, 907
List the prime factors of 1181450918.
2, 8291, 71249
List the prime factors of 4747253949.
3, 19, 4637, 5987
List the prime factors of 13203562.
2, 6601781
List the prime factors of 4601855.
5, 920371
List the prime factors of 687404997.
3, 76378333
List the prime factors of 265815963.
3, 7, 4219301
What are the prime factors of 2698823316?
2, 3, 7, 71, 452519
List the prime factors of 23920707.
3, 2741, 2909
List the prime factors of 16829375.
5, 26927
What are the prime factors of 29118521?
47, 619543
What are the prime factors of 519842091?
3, 1283, 135059
List the prime factors of 31206261.
3, 43, 47, 5147
What are the prime factors of 143101100?
2, 5, 599, 2389
What are the prime factors of 1354963098?
2, 3, 2459, 91837
What are the prime factors of 685034149?
8779, 78031
List the prime factors of 156160873.
11, 14196443
List the prime factors of 178119570.
2, 3, 5, 683, 8693
List the prime factors of 2086851101.
2086851101
List the prime factors of 85762984.
2, 43, 249311
What are the prime factors of 3190346941?
37, 7727, 11159
List the prime factors of 310621373.
310621373
List the prime factors of 14515025.
5, 7, 17, 41
What are the prime factors of 158016032?
2, 349, 14149
List the prime factors of 1560837844.
2, 390209461
List the prime factors of 9450198.
2, 3, 17, 89, 347
List the prime factors of 12975425.
5, 103, 5039
List the prime factors of 211229530.
2, 5, 4217, 5009
What are the prime factors of 188335380?
2, 3, 5, 311, 10093
List the prime factors of 939125516.
2, 7, 1993, 16829
List the prime factors of 230596271.
241, 956831
List the prime factors of 165184580.
2, 5, 11, 17, 29, 1523
List the prime factors of 20104096.
2, 251, 2503
What are the prime factors of 39867611?
7, 37, 153929
List the prime factors of 67066264.
2, 8383283
List the prime factors of 29521680.
2, 3, 5, 123007
List the prime factors of 3155576395.
5, 79, 7988801
What are the prime factors of 748739993?
17, 31, 97, 151
What are the prime factors of 1347377999?
11, 47, 283, 9209
List the prime factors of 212924818.
2, 106462409
What are the prime factors of 3566412008?
2, 445801501
What are the prime factors of 1248955100?
2, 5, 113, 110527
List the prime factors of 904045036.
2, 226011259
List the prime factors of 2600371921.
7, 10079, 36857
What are the prime factors of 54706142?
2, 61, 7351
What are the prime factors of 31721415?
3, 5, 11, 192251
What are the prime factors of 43920414?
2, 3, 227, 3583
List the prime factors of 10635220.
2, 5, 643, 827
List the prime factors of 802474429.
131, 1621, 3779
List the prime factors of 150194962.
2, 19, 71, 179, 311
List the prime factors of 1908110249.
89, 21439441
List the prime factors of 5771434155.
3, 5, 71, 271, 19997
What are the prime factors of 164595001?
164595001
List the prime factors of 126333256.
2, 7, 17, 131, 1013
List the prime factors of 1318877934.
2, 3, 11, 107, 186757
What are the prime factors of 219813741?
3, 7, 283, 12329
List the prime factors of 45459675.
3, 5, 29, 6967
List the prime factors of 235647323.
449, 524827
List the prime factors of 3837668347.
41, 127, 419, 1759
List the prime factors of 120099908.
2, 53, 71, 79, 101
What are the prime factors of 172082741?
263, 654307
What are the prime factors of 1212111426?
2, 3, 202018571
What are the prime factors of 1521627305?
5, 11, 27665951
List the prime factors of 253235381.
7, 101, 51169
What are the prime factors of 69564346?
2, 103, 337691
List the prime factors of 5684267.
137, 41491
List the prime factors of 1345414859.
1345414859
List the prime factors of 175453436.
2, 67, 181, 3617
What are the prime factors of 763793402?
2, 14549, 26249
List the prime factors of 1633740113.
3847, 424679
List the prime factors of 222480832.
2, 7, 496609
What are the prime factors of 2287735798?
2, 17, 277, 242911
List the prime factors of 653703413.
11, 29, 70663
List the prime factors of 51585296.
2, 7, 227, 2029
List the prime factors of 3103264838.
2, 1551632419
List the prime factors of 232057895.
5, 37, 1254367
What are the prime factors of 671355687?
3, 17, 13163837
List the prime factors of 1763111296.
2, 13774307
What are the prime factors of 430169401?
193, 229, 9733
List the prime factors of 202156532.
2, 50539133
List the prime factors of 529403903.
7, 23, 29, 71, 1597
What are the prime factors of 1937354133?
3, 11, 13, 19, 237683
List the prime factors of 24637882.
2, 43, 286487
List the prime factors of 100462251.
3, 33487417
What are the prime factors of 15602720?
2, 5, 7, 13931
List the prime factors of 51343899.
3, 17114633
What are the prime factors of 109089035?
5, 11, 1983437
List the prime factors of 6750023923.
19, 23, 37, 229, 1823
List the prime factors of 841556761.
47, 1949, 9187
List the prime factors of 68095800.
2, 3, 5, 37831
What are the prime factors of 60918908?
2, 29, 525163
What are the prime factors of 52973944?
2, 2281, 2903
What are the prime factors of 1777862662?
2, 157, 443, 12781
What are the prime factors of 2064266760?
2, 3, 5, 139, 123757
What are the prime factors of 416366078?
2, 208183039
What are the prime factors of 624854514?
2, 3, 41, 1153, 2203
List the prime factors of 9208082.
2, 13, 79, 4483
What are the prime factors of 35663217?
3, 617, 19267
What are the prime factors of 528953153?
528953153
List the prime factors of 2362769184.
2, 3, 937, 26267
What are the prime factors of 25034219?
7, 233, 15349
List the prime factors of 112391932.
2, 59, 476237
List the prime factors of 2037793.
2037793
What are the prime facto